 Give a(l).
-4
Let c(u) = u + 1. Let n(v) = v + 3*v - v. Let w be n(4). Let b be 30/(-8) - 3/w. What is c(b)?
-3
Let a(p) = 0 - 60*p + 123*p - 3 - 64*p. Suppose 5*v - 13 = 12. Give a(v).
-8
Let s be 0/2 + (18 + -1 - 1). Let w(h) = -h**3 + 17*h**2 - 16*h - 11. What is w(s)?
-11
Suppose 4*p = 3*w - 0 + 23, -2*w - 18 = -4*p. Let k(t) = 4*t**2 - 8*t + 9. Let l(a) = 2*a**2 - 4*a + 4. Let u(b) = -2*k(b) + 5*l(b). Give u(p).
2
Let t = -17 + 20. Let g be ((4/t)/4)/(3/(-27)). Let l(p) = 3*p - 4. Determine l(g).
-13
Let g(j) = j**3 - 2*j**2 - 1. Let c(x) = 6*x**3 - 3*x**2 - 2*x - 10. Let t(l) = c(l) - 5*g(l). What is t(-7)?
9
Let z be (20 - 21)/(1/(-3)). Let n(t) = -2*t + t**2 - 2 - z*t + 3*t + 8*t. Determine n(-6).
-2
Let q be (-3)/9 + 7/3. Let k(b) = 1 + 6*b**q - b**2 + 0 - b. Let j = -1500 - -1501. Calculate k(j).
5
Let v(b) = -2*b**3 - 2*b**2 - 4*b - 12. Let i(s) = -s**3 + s - 3. Let m(a) = -3*i(a) + v(a). Calculate m(4).
1
Let l(x) = -x**2 + 3*x + 3. Let i = 35 - 33. Suppose i*h + h = 12. Suppose 0 = j + h - 9. Give l(j).
-7
Let s(g) = -20*g - 44. Let n(v) = 11*v + 21. Let y(r) = -5*n(r) - 3*s(r). Give y(-9).
-18
Let b be (-7 - (-430)/60)*18. Let z(w) = -2*w**2 + 6*w - 6. Let k(s) = -s**2 + 3*s - 3. Let j(f) = -5*k(f) + 3*z(f). Give j(b).
-3
Let c(z) = -2*z**3 - 2*z**2 - 1. Let q(h) = -h + 6. Let d be q(6). Let x = d + 14. Let y be x/(-8) + (-1)/4. What is c(y)?
7
Suppose 5*u - 245 - 385 = 0. Let o = u + -132. Let h(g) = -g + 2. What is h(o)?
8
Let v be (-130)/(-110) + (-4)/22. Let o be 2 + v + (-4)/(-4). Let b(u) = -2*u - 3. Calculate b(o).
-11
Let i be 2/(-3)*-6*46/2. Let q be (i/(-28) - -5)*(-7)/(-2). Let u(l) = -l - 5. Give u(q).
-11
Let i = 1 + 0. Let r(d) = -8*d**3 - 2*d**2 + 3*d. Let m(p) = -9*p**3 - 3*p**2 + 4*p. Let q = 11 + -7. Let z(j) = q*m(j) - 5*r(j). Calculate z(i).
3
Suppose 19 = 3*l + 5*q - 2, l = 2*q + 7. Let u(p) = p**2 - p + 2. Let d be u(1). Let x(n) = 8*n**2 - 1 - 5*n + 3 - l*n**d. Determine x(5).
2
Let h(o) = 6*o - 1280 - o**2 - 1286 + 2557. What is h(7)?
-16
Suppose 8*r = -0*r + 48. Let f be (33/r)/(-11)*-2. Let y(z) = 4*z**3 + 1. Determine y(f).
5
Let l(h) = 2*h**2 - 8*h - 10. Let g(b) = b**2 - 2*b - 3. Let d(v) = -4*g(v) + l(v). Determine d(3).
-16
Let w be (-4 - 32)/((-6)/(-4)). Let j = -28 - w. Let q(b) = -2*b - 3. Let o(c) = -2*c - 3. Let u(z) = 5*o(z) - 6*q(z). Determine u(j).
-5
Let m(i) = i**2 + 3*i + 2. Let p = -19 + 17. Let t be m(p). Let z(r) = -r**3 + 2*r**2 - 3*r - 1 + t + 3*r**2. Calculate z(3).
8
Let g(u) = -u + 1. Let q be ((18*-2)/(-4))/(-1). Let m = q + 4. Calculate g(m).
6
Let f(u) = u**2 - 8*u + 4. Suppose 3*a + 2*q - 5 - 11 = 0, 5*a = -5*q + 30. Let z be 510/(-21) + a/14. Let b be -15*(-2 + z/(-15)). Give f(b).
-8
Let v be 30/3*8/10. Let s = 11 - v. Let t(a) = -6*a**3 + 4*a**2 - 7*a + 4. Let w(r) = -7*r**3 + 4*r**2 - 8*r + 4. Let x(m) = -6*t(m) + 5*w(m). Determine x(s).
-7
Let k = 228 - 232. Let c(g) = g**2 + 3*g + 2. Give c(k).
6
Let u(m) = 2191 + 5*m - 2*m - 2196. Let v(j) = -j + 2. Let q(p) = 4*u(p) + 11*v(p). What is q(-4)?
-2
Let c be (-3 + 5/7)/(22/(-77)). Let d(f) be the first derivative of f**3/3 - 5*f**2 + 12*f - 4. Give d(c).
-4
Suppose 5*t - 265 + 235 = 0. Let x(j) = -j**2 + 6*j - 4. Calculate x(t).
-4
Let y be -2*((-45)/2 - 0). Let u be 6/27 - 10/y. Let q(p) = p**3 - p + 2. What is q(u)?
2
Let o(q) = q**2 - 9*q + 8. Let n = -537 + 546. Calculate o(n).
8
Suppose s + 28*w - 25*w = 2, -14 = s - 5*w. Let x(t) = 2*t**2 + 10*t + 8. Give x(s).
0
Let j(b) be the second derivative of -b**7/2520 - b**6/90 - b**5/40 - 7*b**4/12 + 4*b. Let l(k) be the third derivative of j(k). Calculate l(-6).
9
Let k(y) = 19*y**2 + 25*y + 9. Let m(l) = -7*l**2 - 9*l - 3. Let g(a) = -4*k(a) - 11*m(a). Let n(p) = p + 4. Let q be n(0). Suppose f - q*f = 0. Determine g(f).
-3
Let z(c) be the first derivative of -c**4/4 - 7*c**3/3 + 5*c**2 + 8*c - 142. Give z(-8).
-8
Let x(c) be the first derivative of -c**4/4 - 5*c**3 - 13*c**2/2 + 8*c + 232. Give x(-14).
-6
Let c(a) = 2*a. Suppose -3*z - 33 = -o, -4*o + 4*z + z + 111 = 0. Suppose 3*w + 12 = -o. Let y be (7/(-21))/((-2)/w). Give c(y).
-4
Let t(u) be the first derivative of 4*u**2 + 169. Determine t(4).
32
Let s = 362 + -138. Let h be (s/140)/(2*1/5). Let w(i) be the first derivative of i**3/3 - 3*i**2/2 + 5*i - 2. Give w(h).
9
Let q = -3 - -7. Suppose -d - 3 = -z, 11 - 24 = q*z + d. Let n(k) be the second derivative of k**4/12 - k**3/6 + k**2/2 - 2*k + 1. What is n(z)?
7
Let t = 121 - 115. Let x(b) = -1. Let i(d) = 2*d - 3. Let p(c) = i(c) + 2*x(c). Give p(t).
7
Let r be 17*(-3)/(5 + -2). Let c = 19 + r. Suppose -c*u - 4 = -2*f, -3*f + 2 = -3*u - 2*f. Let w(q) = -q - 6. What is w(u)?
-6
Let c(n) be the third derivative of n**6/120 + n**5/20 - n**4/12 + n**3/6 - 19*n**2. Let x be c(-4). Let r(y) = 2*y + 14. Calculate r(x).
0
Let o = -31 - -35. Let t(i) = -15*i + 10*i + o + 4*i - i**2. Determine t(3).
-8
Let v(z) = z**3 - 12*z**2 + 7*z + 15. Let a(j) = -j**3 + 3*j**2 + 4*j - 1. Let y be a(3). Give v(y).
-29
Let c(h) be the third derivative of 0*h - h**2 + 1/6*h**3 - 1/24*h**4 - 1/120*h**6 + 0 + 1/60*h**5. Let q be 9/11 - 4/(-22). What is c(q)?
0
Let y(p) be the second derivative of -p**4/24 + 11*p**3/6 - 11*p**2/2 - 19*p. Let g(t) be the first derivative of y(t). Let z be (4 - (-1)/1)/1. Give g(z).
6
Let p(g) = -28*g**3 + 2*g**2 - 1. Let q(x) = 7*x + 118. Let o be q(-17). Determine p(o).
29
Let k(r) = -3*r**3 - 10*r**2 + 9*r - 5. Let x(q) = -q**3 - 3*q**2 + 3*q - 2. Let d(s) = -2*k(s) + 7*x(s). Determine d(-4).
32
Let i(c) = -5*c + 4. Let h(v) = 7*v - 5. Let s(q) = 2*h(q) + 3*i(q). What is s(-1)?
3
Suppose -5*q + 49 = -u - 2*u, 3*u - 28 = -2*q. Suppose -4*o + 35 = q. Let w(s) be the third derivative of s**4/12 - 2*s**2. Calculate w(o).
12
Let y(x) = -x + 8. Let c be y(6). Let d(w) = c*w + 0*w + 0*w - 2. What is d(-5)?
-12
Let c(n) = -79*n**3 + 78*n**3 + 6*n**2 - 3 - n - 6*n + 4*n. Suppose 0 = -3*i + 2*d + 12 + 4, 2 = -d. Determine c(i).
17
Let h(a) = 11*a**3 + 2*a**2 - a + 8. Let f(s) = 12*s**3 + 3*s**2 - s + 10. Let j(w) = -4*f(w) + 5*h(w). Give j(2).
46
Let q(u) = 6*u + 22. Suppose x - 6*x = -5*d + 40, 0 = -4*x - 2*d - 2. Calculate q(x).
4
Let a(j) = -3*j**2 + 2*j - 3. Let h(g) = 5*g**2 - 3*g + 5. Let n(w) = 8*a(w) + 5*h(w). Suppose -5*d = 2*d - 28. Let l be (4 - 30/9)/(d/(-12)). Give n(l).
3
Let s(t) = -6*t. Suppose -4*w + l = -w + 193, -w + 5*l = 83. Let o be w/49 - (-4)/14. Let z be -4*(0 - o) - -3. Give s(z).
6
Let f(z) = -z**3 + 2*z - 1. Let s be 32*(-3)/((-6)/(-2)). Let k = -31 - s. Determine f(k).
0
Let h(d) = 2 + 159*d - 7 - 173*d + 3. Give h(3).
-44
Let o(s) = -10*s - 7. Let q(p) = 9*p + 6. Let x(i) = 4*o(i) + 5*q(i). Give x(-6).
-28
Let k(a) = -a + 7. Let u(d) = d - 11. Let s be u(-18). Let j be (-1)/(-3) - 212/6. Let t = s - j. Determine k(t).
1
Let r = 1 - 1. Suppose 20*j - 27 - 53 = 0. Let t = j + r. Let y(i) = -i**2 + 4*i - 2. What is y(t)?
-2
Let d(o) = 3*o - 2*o - 2*o**2 - 2*o**2 + 5*o**3 + 5*o**2 + 1. Let f be d(-1). Let j be 42/28*f/(-6). Let p(r) = 3*r**3 + 2*r**2 - 2*r + 1. Calculate p(j).
4
Let m(l) = -l**2 - 4*l. Suppose 2*d = 37 - 23. Let o = d + -10. Determine m(o).
3
Suppose 4*g = 25 - 9. Suppose g*f = -4 + 12. Let p be 9/f + (-3)/2. Let i(z) = 2*z - 1. Give i(p).
5
Let f(h) = 9*h + 7. Let t(n) = -8*n - 6. Let o(x) = 5*f(x) + 6*t(x). Let q(y) = -2*y - 20. Let u be q(-9). What is o(u)?
5
Let v(n) = -n**2 + 1. Let l(i) = -i**2 - i. Let x(q) = 2*l(q) - 3*v(q). Suppose -49 = -12*b + 179. Suppose -b*h = -8*h - 44. Determine x(h).
5
Let y(w) = 4*w**3 - w. Let v(p) = 2*p - 3. Let b be v(4). Suppose -b*s - 2*u + 2 = -9, 13 = s + 4*u. Calculate y(s).
3
Suppose 19 = -4*a - 5. Let c(n) = -7*n**3 - 12*n**2 + n - 4. Let h(u) = -u**3 - u**2. Let l(i) = c(i) - 6*h(i). Give l(a).
-10
Let p(z) be the first derivative of 3*z**2/2 - 5*z - 150. What is p(7)?
16
Let s(l) be the third derivative of -1/3*l**3 + 0 - 1/60*l**5 + 3/8*l**4 + 8*l**2 + 0*l. Determine s(5).
18
Suppose -2 = 2*i - 5*g, -2*g = -i - 0*g + 1. Let p(r) = 7*r**2 + 13*r - 18*r + r**3 + i*r + 1. Let o = 6 - 12. Determine p(o).
13
Let x(j) be the first derivative of -j**4/4 + 13*j**3/3 + 15*j**2/2 - 5*j + 151. Calculate x(14).
9
Let b(x) be the first derivative of 17*x**2/2 - 3*x - 1. Let a be 2/((-4